{"id":4722,"date":"2019-10-02T05:39:51","date_gmt":"2019-10-02T05:39:51","guid":{"rendered":"https:\/\/sktthemesdemo.net\/hotel\/?page_id=4722"},"modified":"2024-11-30T08:30:10","modified_gmt":"2024-11-30T08:30:10","slug":"rooms","status":"publish","type":"page","link":"https:\/\/www.apartmani-katarina-staranovalja.com\/?page_id=4722","title":{"rendered":"Rooms"},"content":{"rendered":"\t\t<div data-elementor-type=\"wp-page\" data-elementor-id=\"4722\" class=\"elementor elementor-4722\">\n\t\t\t\t\t\t<section class=\"elementor-section elementor-top-section elementor-element elementor-element-5cbb7cad elementor-section-boxed elementor-section-height-default elementor-section-height-default\" data-id=\"5cbb7cad\" data-element_type=\"section\" data-e-type=\"section\" data-settings=\"{&quot;background_background&quot;:&quot;classic&quot;}\">\n\t\t\t\t\t\t<div class=\"elementor-container elementor-column-gap-default\">\n\t\t\t\t\t<div class=\"elementor-column elementor-col-100 elementor-top-column elementor-element elementor-element-4bf39191\" data-id=\"4bf39191\" data-element_type=\"column\" data-e-type=\"column\">\n\t\t\t<div class=\"elementor-widget-wrap elementor-element-populated\">\n\t\t\t\t\t\t<section class=\"elementor-section elementor-inner-section elementor-element elementor-element-36df2f5d animated-slow elementor-section-boxed elementor-section-height-default elementor-section-height-default elementor-invisible\" data-id=\"36df2f5d\" data-element_type=\"section\" data-e-type=\"section\" data-settings=\"{&quot;animation&quot;:&quot;fadeInDown&quot;}\">\n\t\t\t\t\t\t<div class=\"elementor-container elementor-column-gap-default\">\n\t\t\t\t\t<div class=\"elementor-column elementor-col-100 elementor-inner-column elementor-element elementor-element-4f494c01\" data-id=\"4f494c01\" data-element_type=\"column\" data-e-type=\"column\">\n\t\t\t<div class=\"elementor-widget-wrap elementor-element-populated\">\n\t\t\t\t\t\t<div class=\"elementor-element elementor-element-2407ea98 elementor-widget elementor-widget-heading\" data-id=\"2407ea98\" data-element_type=\"widget\" data-e-type=\"widget\" data-widget_type=\"heading.default\">\n\t\t\t\t<div class=\"elementor-widget-container\">\n\t\t\t\t\t<h2 class=\"elementor-heading-title elementor-size-default\"><font style=\"vertical-align: inherit\"><font style=\"vertical-align: inherit\"><font style=\"vertical-align: inherit\"><font style=\"vertical-align: inherit\">PREVERITE NA\u0160E<\/font><\/font><\/font><\/font><font style=\"vertical-align: inherit\"><font style=\"vertical-align: inherit\"> APARTMAJE<\/font><\/font><\/h2>\t\t\t\t<\/div>\n\t\t\t\t<\/div>\n\t\t\t\t<div class=\"elementor-element elementor-element-2c863263 elementor-widget elementor-widget-text-editor\" data-id=\"2c863263\" data-element_type=\"widget\" data-e-type=\"widget\" data-widget_type=\"text-editor.default\">\n\t\t\t\t<div class=\"elementor-widget-container\">\n\t\t\t\t\t\t\t\t\t<p>Apartmaji Katarina se nahajajo v Stari Novalji na otoku Pag. Nahajajo se v popolno prenovljenem objektu, ki le\u017ei tik ob morju in so idealen kraj za spro\u0161\u010dujo\u010de po\u010ditnice.<\/p>\t\t\t\t\t\t\t\t<\/div>\n\t\t\t\t<\/div>\n\t\t\t\t\t<\/div>\n\t\t<\/div>\n\t\t\t\t\t<\/div>\n\t\t<\/section>\n\t\t\t\t<section class=\"elementor-section elementor-inner-section elementor-element elementor-element-3c7306fc animated-slow elementor-section-boxed elementor-section-height-default elementor-section-height-default elementor-invisible\" data-id=\"3c7306fc\" data-element_type=\"section\" data-e-type=\"section\" data-settings=\"{&quot;animation&quot;:&quot;fadeInUp&quot;}\">\n\t\t\t\t\t\t<div class=\"elementor-container elementor-column-gap-default\">\n\t\t\t\t\t<div class=\"elementor-column elementor-col-33 elementor-inner-column elementor-element elementor-element-7cef7ffd\" data-id=\"7cef7ffd\" data-element_type=\"column\" data-e-type=\"column\">\n\t\t\t<div class=\"elementor-widget-wrap elementor-element-populated\">\n\t\t\t\t\t\t<div class=\"elementor-element elementor-element-6abbf1b9 elementor-position-top elementor-widget elementor-widget-image-box\" data-id=\"6abbf1b9\" data-element_type=\"widget\" data-e-type=\"widget\" data-widget_type=\"image-box.default\">\n\t\t\t\t<div class=\"elementor-widget-container\">\n\t\t\t\t\t<div class=\"elementor-image-box-wrapper\"><figure class=\"elementor-image-box-img\"><a href=\"#\" tabindex=\"-1\"><img fetchpriority=\"high\" decoding=\"async\" width=\"1024\" height=\"681\" src=\"https:\/\/www.apartmani-katarina-staranovalja.com\/wp-content\/uploads\/2011\/05\/DSC_75302-1.jpg\" class=\"attachment-full size-full wp-image-550\" alt=\"\" srcset=\"https:\/\/www.apartmani-katarina-staranovalja.com\/wp-content\/uploads\/2011\/05\/DSC_75302-1.jpg 1024w, https:\/\/www.apartmani-katarina-staranovalja.com\/wp-content\/uploads\/2011\/05\/DSC_75302-1-300x200.jpg 300w, https:\/\/www.apartmani-katarina-staranovalja.com\/wp-content\/uploads\/2011\/05\/DSC_75302-1-768x511.jpg 768w\" sizes=\"(max-width: 1024px) 100vw, 1024px\" \/><\/a><\/figure><div class=\"elementor-image-box-content\"><h3 class=\"elementor-image-box-title\"><a href=\"#\">Katarina 2<\/a><\/h3><\/div><\/div>\t\t\t\t<\/div>\n\t\t\t\t<\/div>\n\t\t\t\t\t<\/div>\n\t\t<\/div>\n\t\t\t\t<div class=\"elementor-column elementor-col-33 elementor-inner-column elementor-element elementor-element-21dbe8da\" data-id=\"21dbe8da\" data-element_type=\"column\" data-e-type=\"column\">\n\t\t\t<div class=\"elementor-widget-wrap elementor-element-populated\">\n\t\t\t\t\t\t<div class=\"elementor-element elementor-element-36cee32c elementor-position-top elementor-widget elementor-widget-image-box\" data-id=\"36cee32c\" data-element_type=\"widget\" data-e-type=\"widget\" data-widget_type=\"image-box.default\">\n\t\t\t\t<div class=\"elementor-widget-container\">\n\t\t\t\t\t<div class=\"elementor-image-box-wrapper\"><figure class=\"elementor-image-box-img\"><a href=\"#\" tabindex=\"-1\"><img decoding=\"async\" width=\"1024\" height=\"681\" src=\"https:\/\/www.apartmani-katarina-staranovalja.com\/wp-content\/uploads\/2011\/05\/DSC_75791-1.jpg\" class=\"attachment-full size-full wp-image-577\" alt=\"\" srcset=\"https:\/\/www.apartmani-katarina-staranovalja.com\/wp-content\/uploads\/2011\/05\/DSC_75791-1.jpg 1024w, https:\/\/www.apartmani-katarina-staranovalja.com\/wp-content\/uploads\/2011\/05\/DSC_75791-1-300x200.jpg 300w, https:\/\/www.apartmani-katarina-staranovalja.com\/wp-content\/uploads\/2011\/05\/DSC_75791-1-768x511.jpg 768w\" sizes=\"(max-width: 1024px) 100vw, 1024px\" \/><\/a><\/figure><div class=\"elementor-image-box-content\"><h3 class=\"elementor-image-box-title\"><a href=\"#\">KATARINA 4<\/a><\/h3><\/div><\/div>\t\t\t\t<\/div>\n\t\t\t\t<\/div>\n\t\t\t\t\t<\/div>\n\t\t<\/div>\n\t\t\t\t<div class=\"elementor-column elementor-col-33 elementor-inner-column elementor-element elementor-element-2a9ef79e\" data-id=\"2a9ef79e\" data-element_type=\"column\" data-e-type=\"column\">\n\t\t\t<div class=\"elementor-widget-wrap elementor-element-populated\">\n\t\t\t\t\t\t<div class=\"elementor-element elementor-element-2b72739c elementor-position-top elementor-widget elementor-widget-image-box\" data-id=\"2b72739c\" data-element_type=\"widget\" data-e-type=\"widget\" data-widget_type=\"image-box.default\">\n\t\t\t\t<div class=\"elementor-widget-container\">\n\t\t\t\t\t<div class=\"elementor-image-box-wrapper\"><figure class=\"elementor-image-box-img\"><a href=\"#\" tabindex=\"-1\"><img decoding=\"async\" src=\"https:\/\/www.apartmani-katarina-staranovalja.com\/wp-content\/uploads\/elementor\/thumbs\/IMG_6980-qxt5vs8ewch5uovahgd26ra7ifqx1bxs1nkoyug0uy.jpg\" title=\"IMG_6980\" alt=\"IMG_6980\" loading=\"lazy\" \/><\/a><\/figure><div class=\"elementor-image-box-content\"><h3 class=\"elementor-image-box-title\"><a href=\"#\">Katarina 8<\/a><\/h3><\/div><\/div>\t\t\t\t<\/div>\n\t\t\t\t<\/div>\n\t\t\t\t\t<\/div>\n\t\t<\/div>\n\t\t\t\t\t<\/div>\n\t\t<\/section>\n\t\t\t\t\t<\/div>\n\t\t<\/div>\n\t\t\t\t\t<\/div>\n\t\t<\/section>\n\t\t\t\t<\/div>\n\t\t","protected":false},"excerpt":{"rendered":"<p>PREVERITE NA\u0160E APARTMAJE Apartmaji Katarina se nahajajo v Stari Novalji na otoku Pag. Nahajajo se v popolno prenovljenem objektu, ki le\u017ei tik ob morju in so idealen kraj za spro\u0161\u010dujo\u010de po\u010ditnice. Katarina 2 KATARINA 4 Katarina 8<\/p>\n","protected":false},"author":2,"featured_media":0,"parent":0,"menu_order":0,"comment_status":"closed","ping_status":"closed","template":"templates\/elementor.php","meta":{"footnotes":""},"class_list":["post-4722","page","type-page","status-publish","hentry"],"_links":{"self":[{"href":"https:\/\/www.apartmani-katarina-staranovalja.com\/index.php?rest_route=\/wp\/v2\/pages\/4722","targetHints":{"allow":["GET"]}}],"collection":[{"href":"https:\/\/www.apartmani-katarina-staranovalja.com\/index.php?rest_route=\/wp\/v2\/pages"}],"about":[{"href":"https:\/\/www.apartmani-katarina-staranovalja.com\/index.php?rest_route=\/wp\/v2\/types\/page"}],"author":[{"embeddable":true,"href":"https:\/\/www.apartmani-katarina-staranovalja.com\/index.php?rest_route=\/wp\/v2\/users\/2"}],"replies":[{"embeddable":true,"href":"https:\/\/www.apartmani-katarina-staranovalja.com\/index.php?rest_route=%2Fwp%2Fv2%2Fcomments&post=4722"}],"version-history":[{"count":10,"href":"https:\/\/www.apartmani-katarina-staranovalja.com\/index.php?rest_route=\/wp\/v2\/pages\/4722\/revisions"}],"predecessor-version":[{"id":4989,"href":"https:\/\/www.apartmani-katarina-staranovalja.com\/index.php?rest_route=\/wp\/v2\/pages\/4722\/revisions\/4989"}],"wp:attachment":[{"href":"https:\/\/www.apartmani-katarina-staranovalja.com\/index.php?rest_route=%2Fwp%2Fv2%2Fmedia&parent=4722"}],"curies":[{"name":"wp","href":"https:\/\/api.w.org\/{rel}","templated":true}]}}